{"id":46,"date":"2024-08-31T14:37:11","date_gmt":"2024-08-31T14:37:11","guid":{"rendered":"https:\/\/teitra.wabenwelt.eu\/?page_id=46"},"modified":"2024-09-01T11:29:00","modified_gmt":"2024-09-01T11:29:00","slug":"about","status":"publish","type":"page","link":"https:\/\/teitra.wabenwelt.eu\/?page_id=46","title":{"rendered":"About"},"content":{"rendered":"\n<div class=\"wp-block-uagb-container uagb-block-06829147 alignfull uagb-is-root-container\"><div class=\"uagb-container-inner-blocks-wrap\">\n<div class=\"wp-block-uagb-info-box uagb-block-edab0cc5 uagb-infobox__content-wrap  uagb-infobox-icon-above-title uagb-infobox-image-valign-top wp-block-uagb-info-box--has-margin\"><div class=\"uagb-infobox-margin-wrapper\"><div class=\"uagb-ifb-content\"><div class=\"uagb-ifb-title-wrap\"><span class=\"uagb-ifb-title-prefix\">Ihr zuverl\u00e4ssiger K\u00fchlfahrzeug-Partner<\/span><h1 class=\"uagb-ifb-title\">\u00dcber uns: Wir transportieren Ihr K\u00fchlbed\u00fcrfnis<\/h1><\/div><\/div><\/div><\/div>\n\n\n\n<figure class=\"wp-block-image size-large alignright\"><img fetchpriority=\"high\" decoding=\"async\" width=\"1024\" height=\"577\" src=\"https:\/\/teitra.wabenwelt.eu\/wp-content\/uploads\/2024\/09\/keyboard-877569_1920-1024x577.jpg\" alt=\"\" class=\"wp-image-1026\" srcset=\"https:\/\/teitra.wabenwelt.eu\/wp-content\/uploads\/2024\/09\/keyboard-877569_1920-1024x577.jpg 1024w, https:\/\/teitra.wabenwelt.eu\/wp-content\/uploads\/2024\/09\/keyboard-877569_1920-300x169.jpg 300w, https:\/\/teitra.wabenwelt.eu\/wp-content\/uploads\/2024\/09\/keyboard-877569_1920-768x433.jpg 768w, https:\/\/teitra.wabenwelt.eu\/wp-content\/uploads\/2024\/09\/keyboard-877569_1920-1536x866.jpg 1536w, https:\/\/teitra.wabenwelt.eu\/wp-content\/uploads\/2024\/09\/keyboard-877569_1920.jpg 1920w\" sizes=\"(max-width: 1024px) 100vw, 1024px\" \/><\/figure>\n<\/div><\/div>\n\n\n\n<div class=\"wp-block-uagb-container uagb-block-a58faccc alignfull uagb-is-root-container\"><div class=\"uagb-container-inner-blocks-wrap\">\n<div class=\"wp-block-uagb-info-box uagb-block-b2a96c0d uagb-infobox__content-wrap  uagb-infobox-icon-above-title uagb-infobox-image-valign-top wp-block-uagb-info-box--has-margin\"><div class=\"uagb-infobox-margin-wrapper\"><div class=\"uagb-ifb-content\"><div class=\"uagb-ifb-title-wrap\"><span class=\"uagb-ifb-title-prefix\">Unsere Vision<\/span><h2 class=\"uagb-ifb-title\">Wir bieten ma\u00dfgeschneiderte L\u00f6sungen f\u00fcr Ihren K\u00fchltransportbedarf.<\/h2><\/div><\/div><\/div><\/div>\n\n\n\n<div class=\"wp-block-uagb-container uagb-block-69cc4efa default uagb-is-root-container\">\n<div class=\"wp-block-uagb-advanced-heading uagb-block-ddb92bf8\"><h3 class=\"uagb-heading-text\">Unsere Geschichte begann vor 20 Jahren mit der Vision, den Transport von sensiblen Waren zu revolutionieren.<\/h3><\/div>\n\n\n\n<div class=\"wp-block-uagb-container uagb-block-e8b54f12\">\n<div class=\"wp-block-uagb-advanced-heading uagb-block-e0d64116\"><p class=\"uagb-desc-text\">Wir haben eine breite Palette von Kunden bedient, darunter Restaurants, Superm\u00e4rkte und Pharmaindustrie.<\/p><\/div>\n\n\n\n<div class=\"wp-block-uagb-advanced-heading uagb-block-d27b183d\"><p class=\"uagb-desc-text\">Unsere hervorragende Leistung wurde mit vielen branchen\u00fcbergreifenden Auszeichnungen und Anerkennungen belohnt.<\/p><\/div>\n<\/div>\n<\/div>\n<\/div><\/div>\n\n\n\n<div class=\"wp-block-uagb-container uagb-block-5925fce8 alignfull uagb-is-root-container\"><div class=\"uagb-container-inner-blocks-wrap\">\n<div class=\"wp-block-uagb-container uagb-block-0bd9e2f4\">\n<div class=\"wp-block-uagb-info-box uagb-block-54b76181 uagb-infobox__content-wrap  uagb-infobox-icon-above-title uagb-infobox-image-valign-top wp-block-uagb-info-box--has-margin\"><div class=\"uagb-infobox-margin-wrapper\"><div class=\"uagb-ifb-content\"><div class=\"uagb-ifb-title-wrap\"><span class=\"uagb-ifb-title-prefix\">Unser Auftrag<\/span><h2 class=\"uagb-ifb-title\">Unsere Mission<\/h2><\/div><\/div><\/div><\/div>\n<\/div>\n\n\n\n<div class=\"wp-block-uagb-container uagb-block-5688c494\">\n<div class=\"wp-block-uagb-advanced-heading uagb-block-c6af792b\"><h3 class=\"uagb-heading-text\">K\u00fchlgut sicher und zeitgerecht transportieren<\/h3><p class=\"uagb-desc-text\">Unser Bestreben ist es, Ihre K\u00fchlwaren p\u00fcnktlich und unversehrt zu liefern, um Ihr Vertrauen und Ihre Zufriedenheit zu sichern.<\/p><\/div>\n<\/div>\n<\/div><\/div>\n\n\n\n<div class=\"wp-block-uagb-container uagb-block-0d4c4cac alignfull uagb-is-root-container\"><div class=\"uagb-container-inner-blocks-wrap\">\n<div class=\"wp-block-uagb-container uagb-block-d9e8ac08 default uagb-is-root-container\">\n<div class=\"wp-block-uagb-info-box uagb-block-81b221ee uagb-infobox__content-wrap  uagb-infobox-icon-above-title uagb-infobox-image-valign-top\"><div class=\"uagb-ifb-content\"><div class=\"uagb-ifb-title-wrap\"><span class=\"uagb-ifb-title-prefix\">Bleiben Sie informiert<\/span><h3 class=\"uagb-ifb-title\">Abonnieren Sie unseren Newsletter f\u00fcr Neuigkeiten und Angebote rund um unseren K\u00fchlservice.<\/h3><\/div><\/div><\/div>\n\n\n\n<div class=\"wp-block-uagb-buttons uagb-buttons__outer-wrap uagb-btn__default-btn uagb-btn-tablet__default-btn uagb-btn-mobile__default-btn uagb-block-a954ba68\"><div class=\"uagb-buttons__wrap uagb-buttons-layout-wrap \">\n<div class=\"wp-block-uagb-buttons-child uagb-buttons__outer-wrap uagb-block-dfff009f wp-block-button\"><div class=\"uagb-button__wrapper\"><a class=\"uagb-buttons-repeater wp-block-button__link\" aria-label=\"\" href=\"\/contact\/\" rel=\"follow noopener\" target=\"_self\"><div class=\"uagb-button__link\">Mehr erfahren<\/div><\/a><\/div><\/div>\n<\/div><\/div>\n\n\n\n<div class=\"wp-block-uagb-advanced-heading uagb-block-caf4386c\"><div class=\"uagb-heading-text\">oder rufen Sie uns an unter:<\/div><\/div>\n\n\n\n<div class=\"wp-block-uagb-advanced-heading uagb-block-95575272\"><h3 class=\"uagb-heading-text\">040 \/ 52 57 00 69<\/h3><\/div>\n<\/div>\n<\/div><\/div>\n","protected":false},"excerpt":{"rendered":"<p>Unsere Geschichte begann vor 20 Jahren mit der Vision, den Transport von sensiblen Waren zu revolutionieren. Wir haben eine breite [&hellip;]<\/p>\n","protected":false},"author":4,"featured_media":0,"parent":0,"menu_order":0,"comment_status":"closed","ping_status":"closed","template":"","meta":{"_uag_custom_page_level_css":"","site-sidebar-layout":"no-sidebar","site-content-layout":"plain-container","ast-site-content-layout":"full-width-container","site-content-style":"unboxed","site-sidebar-style":"unboxed","ast-global-header-display":"","ast-banner-title-visibility":"","ast-main-header-display":"","ast-hfb-above-header-display":"","ast-hfb-below-header-display":"","ast-hfb-mobile-header-display":"","site-post-title":"disabled","ast-breadcrumbs-content":"","ast-featured-img":"","footer-sml-layout":"","ast-disable-related-posts":"","theme-transparent-header-meta":"default","adv-header-id-meta":"","stick-header-meta":"","header-above-stick-meta":"","header-main-stick-meta":"","header-below-stick-meta":"","astra-migrate-meta-layouts":"set","ast-page-background-enabled":"default","ast-page-background-meta":{"desktop":{"background-color":"var(--ast-global-color-4)","background-image":"","background-repeat":"repeat","background-position":"center center","background-size":"auto","background-attachment":"scroll","background-type":"","background-media":"","overlay-type":"","overlay-color":"","overlay-opacity":"","overlay-gradient":""},"tablet":{"background-color":"","background-image":"","background-repeat":"repeat","background-position":"center center","background-size":"auto","background-attachment":"scroll","background-type":"","background-media":"","overlay-type":"","overlay-color":"","overlay-opacity":"","overlay-gradient":""},"mobile":{"background-color":"","background-image":"","background-repeat":"repeat","background-position":"center center","background-size":"auto","background-attachment":"scroll","background-type":"","background-media":"","overlay-type":"","overlay-color":"","overlay-opacity":"","overlay-gradient":""}},"ast-content-background-meta":{"desktop":{"background-color":"var(--ast-global-color-5)","background-image":"","background-repeat":"repeat","background-position":"center center","background-size":"auto","background-attachment":"scroll","background-type":"","background-media":"","overlay-type":"","overlay-color":"","overlay-opacity":"","overlay-gradient":""},"tablet":{"background-color":"var(--ast-global-color-5)","background-image":"","background-repeat":"repeat","background-position":"center center","background-size":"auto","background-attachment":"scroll","background-type":"","background-media":"","overlay-type":"","overlay-color":"","overlay-opacity":"","overlay-gradient":""},"mobile":{"background-color":"var(--ast-global-color-5)","background-image":"","background-repeat":"repeat","background-position":"center center","background-size":"auto","background-attachment":"scroll","background-type":"","background-media":"","overlay-type":"","overlay-color":"","overlay-opacity":"","overlay-gradient":""}},"footnotes":""},"class_list":["post-46","page","type-page","status-publish","hentry"],"uagb_featured_image_src":{"full":false,"thumbnail":false,"medium":false,"medium_large":false,"large":false,"1536x1536":false,"2048x2048":false},"uagb_author_info":{"display_name":"ocjugnvd3xlb","author_link":"https:\/\/teitra.wabenwelt.eu\/?author=4"},"uagb_comment_info":0,"uagb_excerpt":"Unsere Geschichte begann vor 20 Jahren mit der Vision, den Transport von sensiblen Waren zu revolutionieren. Wir haben eine breite [&hellip;]","_links":{"self":[{"href":"https:\/\/teitra.wabenwelt.eu\/index.php?rest_route=\/wp\/v2\/pages\/46","targetHints":{"allow":["GET"]}}],"collection":[{"href":"https:\/\/teitra.wabenwelt.eu\/index.php?rest_route=\/wp\/v2\/pages"}],"about":[{"href":"https:\/\/teitra.wabenwelt.eu\/index.php?rest_route=\/wp\/v2\/types\/page"}],"author":[{"embeddable":true,"href":"https:\/\/teitra.wabenwelt.eu\/index.php?rest_route=\/wp\/v2\/users\/4"}],"replies":[{"embeddable":true,"href":"https:\/\/teitra.wabenwelt.eu\/index.php?rest_route=%2Fwp%2Fv2%2Fcomments&post=46"}],"version-history":[{"count":2,"href":"https:\/\/teitra.wabenwelt.eu\/index.php?rest_route=\/wp\/v2\/pages\/46\/revisions"}],"predecessor-version":[{"id":1031,"href":"https:\/\/teitra.wabenwelt.eu\/index.php?rest_route=\/wp\/v2\/pages\/46\/revisions\/1031"}],"wp:attachment":[{"href":"https:\/\/teitra.wabenwelt.eu\/index.php?rest_route=%2Fwp%2Fv2%2Fmedia&parent=46"}],"curies":[{"name":"wp","href":"https:\/\/api.w.org\/{rel}","templated":true}]}}